{"id":23,"date":"2023-04-27T16:58:19","date_gmt":"2023-04-27T14:58:19","guid":{"rendered":"https:\/\/praxis-equilibrium.de\/?page_id=23"},"modified":"2025-04-13T16:51:22","modified_gmt":"2025-04-13T14:51:22","slug":"termine-preise","status":"publish","type":"page","link":"https:\/\/praxis-proportional.de\/termine-preise\/","title":{"rendered":"Termine &#038; Preise"},"content":{"rendered":"\t\t<div data-elementor-type=\"wp-page\" data-elementor-id=\"23\" class=\"elementor elementor-23\" data-elementor-post-type=\"page\">\n\t\t\t\t\t\t<section class=\"elementor-section elementor-top-section elementor-element elementor-element-a4aa5e5 elementor-section-boxed elementor-section-height-default elementor-section-height-default\" data-id=\"a4aa5e5\" data-element_type=\"section\" data-e-type=\"section\">\n\t\t\t\t\t\t<div class=\"elementor-container elementor-column-gap-default\">\n\t\t\t\t\t<div class=\"elementor-column elementor-col-100 elementor-top-column elementor-element elementor-element-586c527\" data-id=\"586c527\" data-element_type=\"column\" data-e-type=\"column\">\n\t\t\t<div class=\"elementor-widget-wrap elementor-element-populated\">\n\t\t\t\t\t\t<div class=\"elementor-element elementor-element-3236959 elementor-widget elementor-widget-heading\" data-id=\"3236959\" data-element_type=\"widget\" data-e-type=\"widget\" data-widget_type=\"heading.default\">\n\t\t\t\t<div class=\"elementor-widget-container\">\n\t\t\t\t\t<h1 class=\"elementor-heading-title elementor-size-default\">Terminbuchung <\/h1>\t\t\t\t<\/div>\n\t\t\t\t<\/div>\n\t\t\t\t\t<\/div>\n\t\t<\/div>\n\t\t\t\t\t<\/div>\n\t\t<\/section>\n\t\t\t\t<section class=\"elementor-section elementor-top-section elementor-element elementor-element-fc580ab elementor-section-boxed elementor-section-height-default elementor-section-height-default\" data-id=\"fc580ab\" data-element_type=\"section\" data-e-type=\"section\">\n\t\t\t\t\t\t<div class=\"elementor-container elementor-column-gap-default\">\n\t\t\t\t\t\t<\/div>\n\t\t<\/section>\n\t\t\t\t<section class=\"elementor-section elementor-top-section elementor-element elementor-element-fe34708 elementor-section-boxed elementor-section-height-default elementor-section-height-default\" data-id=\"fe34708\" data-element_type=\"section\" data-e-type=\"section\">\n\t\t\t\t\t\t<div class=\"elementor-container elementor-column-gap-default\">\n\t\t\t\t\t<div class=\"elementor-column elementor-col-100 elementor-top-column elementor-element elementor-element-d7b6426\" data-id=\"d7b6426\" data-element_type=\"column\" data-e-type=\"column\">\n\t\t\t<div class=\"elementor-widget-wrap elementor-element-populated\">\n\t\t\t\t\t\t<section class=\"elementor-section elementor-inner-section elementor-element elementor-element-13831b6 elementor-section-boxed elementor-section-height-default elementor-section-height-default\" data-id=\"13831b6\" data-element_type=\"section\" data-e-type=\"section\">\n\t\t\t\t\t\t<div class=\"elementor-container elementor-column-gap-default\">\n\t\t\t\t\t<div class=\"elementor-column elementor-col-100 elementor-inner-column elementor-element elementor-element-620a4fb\" data-id=\"620a4fb\" data-element_type=\"column\" data-e-type=\"column\">\n\t\t\t<div class=\"elementor-widget-wrap elementor-element-populated\">\n\t\t\t\t\t\t<div class=\"elementor-element elementor-element-8857740 elementor-widget__width-initial elementor-widget elementor-widget-text-editor\" data-id=\"8857740\" data-element_type=\"widget\" data-e-type=\"widget\" data-widget_type=\"text-editor.default\">\n\t\t\t\t<div class=\"elementor-widget-container\">\n\t\t\t\t\t\t\t\t\t<h2>Preise f\u00fcr Einzelsitzungen und Pakete\u00a0<\/h2>\t\t\t\t\t\t\t\t<\/div>\n\t\t\t\t<\/div>\n\t\t\t\t\t<\/div>\n\t\t<\/div>\n\t\t\t\t\t<\/div>\n\t\t<\/section>\n\t\t\t\t\t<\/div>\n\t\t<\/div>\n\t\t\t\t\t<\/div>\n\t\t<\/section>\n\t\t\t\t<section class=\"elementor-section elementor-top-section elementor-element elementor-element-1cf5e67 elementor-section-boxed elementor-section-height-default elementor-section-height-default\" data-id=\"1cf5e67\" data-element_type=\"section\" data-e-type=\"section\">\n\t\t\t\t\t\t<div class=\"elementor-container elementor-column-gap-default\">\n\t\t\t\t\t<div class=\"elementor-column elementor-col-100 elementor-top-column elementor-element elementor-element-5340bb8\" data-id=\"5340bb8\" data-element_type=\"column\" data-e-type=\"column\">\n\t\t\t<div class=\"elementor-widget-wrap elementor-element-populated\">\n\t\t\t\t\t\t<div class=\"elementor-element elementor-element-29f1b0a elementor-widget elementor-widget-text-editor\" data-id=\"29f1b0a\" data-element_type=\"widget\" data-e-type=\"widget\" data-widget_type=\"text-editor.default\">\n\t\t\t\t<div class=\"elementor-widget-container\">\n\t\t\t\t\t\t\t\t\t<div class=\"package-block\"><h4><strong><span class=\"name\" style=\"color: #000000;\">Kostenloses<\/span><span class=\"name\" style=\"color: #000000;\"> 15-min\u00fctiges telefonisches Informationsgespr\u00e4ch<\/span><\/strong><\/h4><p class=\"duration\"><strong><i class=\"fas fa-clock fa-fw\" aria-hidden=\"true\"><\/i>\u00a015 Minuten<\/strong><\/p><p>In einem ersten telefonischen Informationsgespr\u00e4ch k\u00f6nnen wir uns gerne kennenlernen und Ihre Fragen kl\u00e4ren.<\/p><div>\u00a0<\/div><div class=\"book-button\"><a href=\"https:\/\/bookme.name\/embed\/21483\/NcNsZr6SoNwAt47fyG0ivchSkEBH4ln8tJhY6rFGHShc2AFVZsFAll8u8ISa?u=https%3A%2F%2Fpraxis-proportional.de%2Fwp-admin%2Fpost.php%3Fpost%3D23%26action%3Delementor\">JETZT BUCHEN<\/a><\/div><\/div><div class=\"package-block\"><h4>\u00a0<\/h4><h4><strong><span class=\"name\">Kennenlern-Sitzung<\/span><\/strong><\/h4><p class=\"duration\"><strong><i class=\"fa fa-shopping-cart fa-fw\" aria-hidden=\"true\"><\/i>\u00a0100,00 \u20ac EUR\u00a0<\/strong><strong><i class=\"fas fa-clock fa-fw\" aria-hidden=\"true\"><\/i>\u00a01 Stunde<\/strong><\/p><p class=\"duration\"><strong>\u00a0<\/strong><\/p><p>In einer ersten pers\u00f6nlichen Kennenlern-Sitzung (60 min) dreht sich alles um Ihr Anliegen und Ihre Fragen:\u00a0<\/p><ul><li>Ausf\u00fchrliches Kennenlernen<\/li><li>Anamnese<\/li><li>Besprechung Ihrer W\u00fcnsche und Erwartungen<\/li><li>umfassende Kl\u00e4rung Ihrer Fragen zur Hypnose<\/li><li>ggf. erstes pers\u00f6nliches Erleben der Hypnose<\/li><li>Besprechung des weiteren Vorgehens<\/li><\/ul><div>\u00a0<\/div><div class=\"book-button\"><a href=\"https:\/\/bookme.name\/embed\/21483\/NcNsZr6SoNwAt47fyG0ivchSkEBH4ln8tJhY6rFGHShc2AFVZsFAll8u8ISa?u=https%3A%2F%2Fpraxis-proportional.de%2Fwp-admin%2Fpost.php%3Fpost%3D23%26action%3Delementor\">JETZT BUCHEN<\/a><\/div><div>\u00a0<\/div><\/div><div class=\"package-block\"><h4><strong><span class=\"name\">Erste Hypnosesitzung<\/span><\/strong><\/h4><p class=\"duration\"><strong><i class=\"fa fa-shopping-cart fa-fw\" aria-hidden=\"true\"><\/i>\u00a0350,00 \u20ac EUR\u00a0<\/strong><strong><i class=\"fas fa-clock fa-fw\" aria-hidden=\"true\"><\/i>\u00a0bis zu 2 Stunden 30 Minuten<\/strong><\/p><p class=\"duration\"><strong>\u00a0<\/strong><\/p><p>Die erste Hypnosesitzung hat eine Dauer bis zu 2,5 Stunden.<\/p><p>Sie gliedert sich\u00a0in folgende Punkte:<\/p><ul><li>Vorgespr\u00e4ch<\/li><li>ausf\u00fchrliche Anamnese<\/li><li>Festsetzung von Zielen und Vorgehen<\/li><li>analytische Hypnose und\/oder Simpson Protocol<\/li><li>Anleitung zur Selbsthypnose<\/li><li>Nachgespr\u00e4ch<\/li><\/ul><div>\u00a0<\/div><div class=\"book-button\"><a href=\"https:\/\/bookme.name\/embed\/21483\/NcNsZr6SoNwAt47fyG0ivchSkEBH4ln8tJhY6rFGHShc2AFVZsFAll8u8ISa?u=https%3A%2F%2Fpraxis-proportional.de%2Fwp-admin%2Fpost.php%3Fpost%3D23%26action%3Delementor\">JETZT BUCHEN<\/a><\/div><\/div><div class=\"package-block\"><h4>\u00a0<\/h4><h4><strong><span class=\"name\">Weitere Hypnosesitzung<\/span><\/strong><\/h4><p class=\"duration\"><strong><i class=\"fa fa-shopping-cart fa-fw\" aria-hidden=\"true\"><\/i>\u00a0300,00 \u20ac EUR\u00a0<\/strong><strong><i class=\"fas fa-clock fa-fw\" aria-hidden=\"true\"><\/i>\u00a0bis zu 2 Stunden \u20ac<\/strong><\/p><p class=\"duration\"><strong>\u00a0<\/strong><\/p><p>Alle weiteren Hypnosesitzungen haben eine Dauer von jeweils bis zu 2 Stunden.<\/p><p>Die Inhalte werden immer in der vorherigen Sitzung festgelegt.<\/p><div>\u00a0<\/div><div class=\"book-button\"><a href=\"https:\/\/bookme.name\/embed\/21483\/NcNsZr6SoNwAt47fyG0ivchSkEBH4ln8tJhY6rFGHShc2AFVZsFAll8u8ISa?u=https%3A%2F%2Fpraxis-proportional.de%2Fwp-admin%2Fpost.php%3Fpost%3D23%26action%3Delementor\">JETZT BUCHEN<\/a><\/div><div>\u00a0<\/div><\/div><div class=\"package-block\"><h4><strong><span class=\"name\">Paket Nr. 1<\/span><\/strong><\/h4><p class=\"duration\"><strong><i class=\"fa fa-shopping-cart fa-fw\" aria-hidden=\"true\"><\/i>\u00a0650,00 \u20ac EUR<\/strong><\/p><ul><li>1 x Kennenlern-Sitzung (100,- \u20ac)<\/li><li>1 x Erste Hypnose-Sitzung (350,- \u20ac)<\/li><li>1x weitere Hypnose-Sitzung (300,- \u20ac)<\/li><li>Normalpreis gesamt: 750,\u20ac<\/li><\/ul><p>\u00a0<\/p><p><strong>Ersparnis: 100,- \u20ac<\/strong><\/p><p>Bei der Buchung dieses Paktes werden f\u00fcr Sie 20 B\u00e4ume zur CO2 Reduktion gepflanzt (s.\u00a0<a href=\"https:\/\/praxis-proportional.de\/nachhaltigkeit\" target=\"_blank\" rel=\"nofollow noreferrer noopener\">Nachhaltigkeit<\/a>). Bitte geben Sie an, ob dieses f\u00fcr Sie durch die Weitergabe Ihrer Email und Ihres Namen personalisiert oder anonym erfolgen soll.\u00a0<\/p><p>\u00a0<\/p><p>\u00a0<\/p><div class=\"book-button\"><a href=\"https:\/\/bookme.name\/embed\/21483\/NcNsZr6SoNwAt47fyG0ivchSkEBH4ln8tJhY6rFGHShc2AFVZsFAll8u8ISa?u=https%3A%2F%2Fpraxis-proportional.de%2Fwp-admin%2Fpost.php%3Fpost%3D23%26action%3Delementor\" data-toggle=\"modal\">JETZT BUCHEN<\/a><\/div><div>\u00a0<\/div><\/div><div class=\"package-block\"><h4><strong><span class=\"name\">Paket Nr. 2<\/span><\/strong><\/h4><p class=\"duration\"><strong><i class=\"fa fa-shopping-cart fa-fw\" aria-hidden=\"true\"><\/i>\u00a0850,00 \u20ac EUR\u00a0<\/strong><\/p><ul><li>1 x Erste Hypnose-Sitzung (350,- \u20ac)<\/li><li>2 x weitere Hypnose-Sitzung (600,- \u20ac)<\/li><li>Normalpreis gesamt: 950,\u20ac<\/li><\/ul><p>\u00a0<\/p><p><strong>Ersparnis: 100,- \u20ac<\/strong><\/p><p>Bei der Buchung dieses Paktes werden f\u00fcr Sie 20 B\u00e4ume zur CO2 Reduktion gepflanzt (s.\u00a0<a href=\"https:\/\/praxis-proportional.de\/nachhaltigkeit\" target=\"_blank\" rel=\"nofollow noreferrer noopener\">Nachhaltigkeit<\/a>). Bitte geben Sie an, ob dieses f\u00fcr Sie durch die Weitergabe Ihrer Email und Ihres Namen personalisiert oder anonym erfolgen soll.\u00a0<\/p><p>\u00a0<\/p><p>\u00a0<\/p><div class=\"book-button\"><a href=\"https:\/\/bookme.name\/embed\/21483\/NcNsZr6SoNwAt47fyG0ivchSkEBH4ln8tJhY6rFGHShc2AFVZsFAll8u8ISa?u=https%3A%2F%2Fpraxis-proportional.de%2Fwp-admin%2Fpost.php%3Fpost%3D23%26action%3Delementor\">JETZT BUCHEN<\/a><\/div><\/div><div class=\"package-block\"><h4>\u00a0<\/h4><h4><strong><span class=\"name\">Paket Nr. 3<\/span><\/strong><\/h4><p class=\"duration\"><strong><i class=\"fa fa-shopping-cart fa-fw\" aria-hidden=\"true\"><\/i>\u00a01 100,00 \u20ac EUR\u00a0<\/strong><\/p><ul><li>1 x Erste Hypnose-Sitzung (350,- \u20ac)<\/li><li>3 x weitere Hypnose-Sitzung (900,- \u20ac)<\/li><li>Normalpreis gesamt: 1.250,\u20ac<\/li><\/ul><p>\u00a0<\/p><p><strong>Ersparnis: 150,- \u20ac<\/strong><\/p><p>Bei der Buchung dieses Paktes werden f\u00fcr Sie 20 B\u00e4ume zur CO2 Reduktion gepflanzt (s.\u00a0<a href=\"https:\/\/praxis-proportional.de\/nachhaltigkeit\" target=\"_blank\" rel=\"nofollow noreferrer noopener\">Nachhaltigkeit<\/a>). Bitte geben Sie an, ob dieses f\u00fcr Sie durch die Weitergabe Ihrer Email und Ihres Namen personalisiert oder anonym erfolgen soll.<\/p><p>\u00a0<\/p><p>\u00a0<\/p><div class=\"book-button\"><a href=\"https:\/\/bookme.name\/embed\/21483\/NcNsZr6SoNwAt47fyG0ivchSkEBH4ln8tJhY6rFGHShc2AFVZsFAll8u8ISa?u=https%3A%2F%2Fpraxis-proportional.de%2Fwp-admin%2Fpost.php%3Fpost%3D23%26action%3Delementor\">JETZT BUCHEN<\/a><\/div><\/div>\t\t\t\t\t\t\t\t<\/div>\n\t\t\t\t<\/div>\n\t\t\t\t\t<\/div>\n\t\t<\/div>\n\t\t\t\t\t<\/div>\n\t\t<\/section>\n\t\t\t\t<\/div>\n\t\t","protected":false},"excerpt":{"rendered":"<p>Terminbuchung Preise f\u00fcr Einzelsitzungen und Pakete\u00a0 Kostenloses 15-min\u00fctiges telefonisches Informationsgespr\u00e4ch \u00a015 Minuten In einem ersten telefonischen Informationsgespr\u00e4ch k\u00f6nnen wir uns gerne kennenlernen und Ihre Fragen kl\u00e4ren. \u00a0JETZT BUCHEN \u00a0 Kennenlern-Sitzung \u00a0100,00 \u20ac EUR\u00a0\u00a01 Stunde \u00a0 In einer ersten pers\u00f6nlichen Kennenlern-Sitzung (60 min) dreht sich alles um Ihr Anliegen und Ihre Fragen:\u00a0 Ausf\u00fchrliches Kennenlernen Anamnese Besprechung [&hellip;]<\/p>\n","protected":false},"author":1,"featured_media":0,"parent":0,"menu_order":0,"comment_status":"closed","ping_status":"closed","template":"","meta":{"footnotes":""},"class_list":["post-23","page","type-page","status-publish","hentry"],"_links":{"self":[{"href":"https:\/\/praxis-proportional.de\/wp-json\/wp\/v2\/pages\/23","targetHints":{"allow":["GET"]}}],"collection":[{"href":"https:\/\/praxis-proportional.de\/wp-json\/wp\/v2\/pages"}],"about":[{"href":"https:\/\/praxis-proportional.de\/wp-json\/wp\/v2\/types\/page"}],"author":[{"embeddable":true,"href":"https:\/\/praxis-proportional.de\/wp-json\/wp\/v2\/users\/1"}],"replies":[{"embeddable":true,"href":"https:\/\/praxis-proportional.de\/wp-json\/wp\/v2\/comments?post=23"}],"version-history":[{"count":119,"href":"https:\/\/praxis-proportional.de\/wp-json\/wp\/v2\/pages\/23\/revisions"}],"predecessor-version":[{"id":7802,"href":"https:\/\/praxis-proportional.de\/wp-json\/wp\/v2\/pages\/23\/revisions\/7802"}],"wp:attachment":[{"href":"https:\/\/praxis-proportional.de\/wp-json\/wp\/v2\/media?parent=23"}],"curies":[{"name":"wp","href":"https:\/\/api.w.org\/{rel}","templated":true}]}}