{"id":401,"date":"2023-05-11T09:36:35","date_gmt":"2023-05-11T09:36:35","guid":{"rendered":"https:\/\/praxis-equilibrium.de\/?page_id=401"},"modified":"2026-03-19T16:15:59","modified_gmt":"2026-03-19T15:15:59","slug":"ueber-mich","status":"publish","type":"page","link":"https:\/\/praxis-proportional.de\/ueber-mich\/","title":{"rendered":"\u00dcber mich"},"content":{"rendered":"\t\t<div data-elementor-type=\"wp-page\" data-elementor-id=\"401\" class=\"elementor elementor-401\" data-elementor-post-type=\"page\">\n\t\t\t\t\t\t<section class=\"elementor-section elementor-top-section elementor-element elementor-element-2a62737 elementor-section-full_width elementor-section-height-default elementor-section-height-default\" data-id=\"2a62737\" data-element_type=\"section\" data-e-type=\"section\">\n\t\t\t\t\t\t<div class=\"elementor-container elementor-column-gap-default\">\n\t\t\t\t\t<div class=\"elementor-column elementor-col-100 elementor-top-column elementor-element elementor-element-e1f96b9\" data-id=\"e1f96b9\" data-element_type=\"column\" data-e-type=\"column\">\n\t\t\t<div class=\"elementor-widget-wrap elementor-element-populated\">\n\t\t\t\t\t\t<div class=\"elementor-element elementor-element-cb38404 elementor-widget elementor-widget-heading\" data-id=\"cb38404\" data-element_type=\"widget\" data-e-type=\"widget\" data-widget_type=\"heading.default\">\n\t\t\t\t<div class=\"elementor-widget-container\">\n\t\t\t\t\t<h1 class=\"elementor-heading-title elementor-size-default\">\u00dcber mich <\/h1>\t\t\t\t<\/div>\n\t\t\t\t<\/div>\n\t\t\t\t<div class=\"elementor-element elementor-element-4c32252 elementor-widget elementor-widget-heading\" data-id=\"4c32252\" data-element_type=\"widget\" data-e-type=\"widget\" data-widget_type=\"heading.default\">\n\t\t\t\t<div class=\"elementor-widget-container\">\n\t\t\t\t\t<h2 class=\"elementor-heading-title elementor-size-default\">Mein pers\u00f6nliches Lieblingszitat:<\/h2>\t\t\t\t<\/div>\n\t\t\t\t<\/div>\n\t\t\t\t<div class=\"elementor-element elementor-element-38019f4 elementor-blockquote--skin-quotation elementor-blockquote--align-center elementor-widget elementor-widget-blockquote\" data-id=\"38019f4\" data-element_type=\"widget\" data-e-type=\"widget\" data-widget_type=\"blockquote.default\">\n\t\t\t\t<div class=\"elementor-widget-container\">\n\t\t\t\t\t\t\t<blockquote class=\"elementor-blockquote\">\n\t\t\t<p class=\"elementor-blockquote__content\">\n\t\t\t\t\u201cHypnose hilft auch dann, wenn alles Andere versagt.\u201d\t\t\t<\/p>\n\t\t\t\t\t\t\t<div class=\"e-q-footer\">\n\t\t\t\t\t\t\t\t\t\t\t<cite class=\"elementor-blockquote__author\">James Braid (1795-1860, schottischer Chirurg und Hypnoseforscher)<\/cite>\n\t\t\t\t\t\t\t\t\t\t\t\t\t\t<\/div>\n\t\t\t\t\t<\/blockquote>\n\t\t\t\t\t\t<\/div>\n\t\t\t\t<\/div>\n\t\t\t\t\t<\/div>\n\t\t<\/div>\n\t\t\t\t\t<\/div>\n\t\t<\/section>\n\t\t\t\t<section class=\"elementor-section elementor-top-section elementor-element elementor-element-67e9d1f elementor-section-boxed elementor-section-height-default elementor-section-height-default\" data-id=\"67e9d1f\" data-element_type=\"section\" data-e-type=\"section\">\n\t\t\t\t\t\t<div class=\"elementor-container elementor-column-gap-default\">\n\t\t\t\t\t<div class=\"elementor-column elementor-col-100 elementor-top-column elementor-element elementor-element-6026167\" data-id=\"6026167\" data-element_type=\"column\" data-e-type=\"column\">\n\t\t\t<div class=\"elementor-widget-wrap elementor-element-populated\">\n\t\t\t\t\t\t<div class=\"elementor-element elementor-element-ee1475d elementor-widget elementor-widget-heading\" data-id=\"ee1475d\" data-element_type=\"widget\" data-e-type=\"widget\" data-widget_type=\"heading.default\">\n\t\t\t\t<div class=\"elementor-widget-container\">\n\t\t\t\t\t<h2 class=\"elementor-heading-title elementor-size-default\">Ausbildungen \/ Werdegang \/ Qualifikationen <\/h2>\t\t\t\t<\/div>\n\t\t\t\t<\/div>\n\t\t\t\t\t<\/div>\n\t\t<\/div>\n\t\t\t\t\t<\/div>\n\t\t<\/section>\n\t\t\t\t<section class=\"elementor-section elementor-top-section elementor-element elementor-element-334374e elementor-section-boxed elementor-section-height-default elementor-section-height-default\" data-id=\"334374e\" data-element_type=\"section\" data-e-type=\"section\">\n\t\t\t\t\t\t<div class=\"elementor-container elementor-column-gap-default\">\n\t\t\t\t\t<div class=\"elementor-column elementor-col-100 elementor-top-column elementor-element elementor-element-c827328\" data-id=\"c827328\" data-element_type=\"column\" data-e-type=\"column\">\n\t\t\t<div class=\"elementor-widget-wrap elementor-element-populated\">\n\t\t\t\t\t\t<div class=\"elementor-element elementor-element-794bfc0 elementor-widget elementor-widget-heading\" data-id=\"794bfc0\" data-element_type=\"widget\" data-e-type=\"widget\" data-widget_type=\"heading.default\">\n\t\t\t\t<div class=\"elementor-widget-container\">\n\t\t\t\t\t<h2 class=\"elementor-heading-title elementor-size-default\">Christoph Schrage<\/h2>\t\t\t\t<\/div>\n\t\t\t\t<\/div>\n\t\t\t\t\t<\/div>\n\t\t<\/div>\n\t\t\t\t\t<\/div>\n\t\t<\/section>\n\t\t\t\t<section class=\"elementor-section elementor-top-section elementor-element elementor-element-d6c11cd elementor-reverse-mobile elementor-section-boxed elementor-section-height-default elementor-section-height-default\" data-id=\"d6c11cd\" data-element_type=\"section\" data-e-type=\"section\">\n\t\t\t\t\t\t<div class=\"elementor-container elementor-column-gap-default\">\n\t\t\t\t\t<div class=\"elementor-column elementor-col-50 elementor-top-column elementor-element elementor-element-aa6c7d2\" data-id=\"aa6c7d2\" data-element_type=\"column\" data-e-type=\"column\">\n\t\t\t<div class=\"elementor-widget-wrap elementor-element-populated\">\n\t\t\t\t\t\t<div class=\"elementor-element elementor-element-49daf81 elementor-widget elementor-widget-text-editor\" data-id=\"49daf81\" data-element_type=\"widget\" data-e-type=\"widget\" data-widget_type=\"text-editor.default\">\n\t\t\t\t<div class=\"elementor-widget-container\">\n\t\t\t\t\t\t\t\t\t<p>Heilpraktiker (allgemeine Heilpraktiker Erlaubnis vom Gesundheitsamt Frankfurt)<\/p><p>Hypnosetherapeut<\/p><p>Stress-Management-Trainer<\/p><p>Psychologischer Berater \/ Coach<\/p><p>Dorn-Therapeut<\/p>\t\t\t\t\t\t\t\t<\/div>\n\t\t\t\t<\/div>\n\t\t\t\t\t<\/div>\n\t\t<\/div>\n\t\t\t\t<div class=\"elementor-column elementor-col-50 elementor-top-column elementor-element elementor-element-92426fd\" data-id=\"92426fd\" data-element_type=\"column\" data-e-type=\"column\">\n\t\t\t<div class=\"elementor-widget-wrap elementor-element-populated\">\n\t\t\t\t\t\t<div class=\"elementor-element elementor-element-69b1bbd elementor-widget elementor-widget-image\" data-id=\"69b1bbd\" data-element_type=\"widget\" data-e-type=\"widget\" data-widget_type=\"image.default\">\n\t\t\t\t<div class=\"elementor-widget-container\">\n\t\t\t\t\t\t\t\t\t\t\t\t\t\t\t<img fetchpriority=\"high\" decoding=\"async\" width=\"300\" height=\"262\" src=\"https:\/\/praxis-proportional.de\/wp-content\/uploads\/2023\/07\/Christoph-Schrage-2-300x262.webp\" class=\"attachment-medium size-medium wp-image-3575\" alt=\"Portr\u00e4t Foto Christoph Schrage\" srcset=\"https:\/\/praxis-proportional.de\/wp-content\/uploads\/2023\/07\/Christoph-Schrage-2-300x262.webp 300w, https:\/\/praxis-proportional.de\/wp-content\/uploads\/2023\/07\/Christoph-Schrage-2.webp 755w\" sizes=\"(max-width: 300px) 100vw, 300px\" \/>\t\t\t\t\t\t\t\t\t\t\t\t\t\t\t<\/div>\n\t\t\t\t<\/div>\n\t\t\t\t\t<\/div>\n\t\t<\/div>\n\t\t\t\t\t<\/div>\n\t\t<\/section>\n\t\t\t\t<section class=\"elementor-section elementor-top-section elementor-element elementor-element-cc82c1c elementor-section-boxed elementor-section-height-default elementor-section-height-default\" data-id=\"cc82c1c\" data-element_type=\"section\" data-e-type=\"section\" id=\"Menschenbild\">\n\t\t\t\t\t\t<div class=\"elementor-container elementor-column-gap-default\">\n\t\t\t\t\t<div class=\"elementor-column elementor-col-100 elementor-top-column elementor-element elementor-element-f38d1a6\" data-id=\"f38d1a6\" data-element_type=\"column\" data-e-type=\"column\">\n\t\t\t<div class=\"elementor-widget-wrap elementor-element-populated\">\n\t\t\t\t\t\t<div class=\"elementor-element elementor-element-66585ab elementor-widget elementor-widget-heading\" data-id=\"66585ab\" data-element_type=\"widget\" data-e-type=\"widget\" data-widget_type=\"heading.default\">\n\t\t\t\t<div class=\"elementor-widget-container\">\n\t\t\t\t\t<h2 class=\"elementor-heading-title elementor-size-default\">Mein Menschenbild<\/h2>\t\t\t\t<\/div>\n\t\t\t\t<\/div>\n\t\t\t\t<div class=\"elementor-element elementor-element-1d5ae92 elementor-widget elementor-widget-text-editor\" data-id=\"1d5ae92\" data-element_type=\"widget\" data-e-type=\"widget\" data-widget_type=\"text-editor.default\">\n\t\t\t\t<div class=\"elementor-widget-container\">\n\t\t\t\t\t\t\t\t\t<p>Jeder Mensch verf\u00fcgt \u00fcber individuelle Potenziale und besitzt die F\u00e4higkeit, positive Ver\u00e4nderungen in seinem Leben herbeizuf\u00fchren. Dadurch k\u00f6nnen wir unser eigenes Leben gestalten,\u00a0<span style=\"color: var( --e-global-color-text ); font-family: var( --e-global-typography-text-font-family ), Sans-serif; font-size: var( --e-global-typography-text-font-size ); font-style: var( --e-global-typography-text-font-style ); text-transform: var( --e-global-typography-text-text-transform ); background-color: var( --e-global-color-c15569b );\">Ziele verfolgen und uns pers\u00f6nlich weiterentwickeln.<\/span><\/p><p><span style=\"color: var( --e-global-color-text ); font-family: var( --e-global-typography-text-font-family ), Sans-serif; font-size: var( --e-global-typography-text-font-size ); font-style: var( --e-global-typography-text-font-style ); text-transform: var( --e-global-typography-text-text-transform ); background-color: var( --e-global-color-c15569b );\">\u00a0<\/span><\/p><p>Diese Potenziale freizusetzen ist eine gro\u00dfe Chance um dem Leben eine neue Richtung zu geben. Die Hypnose ist das Mittel, das uns erlaubt, an unsere Potentiale zu gelangen und mit einer Ver\u00e4nderung zu beginnen.<\/p><p>\u00a0<\/p><p>Die Kraft der Heilung ist in jedem Menschen vorhanden. Der menschliche K\u00f6rper und sein Geist\u00a0 sind oft in der Lage sich selbst zu helfen, sowohl bei der Genesung von Krankheiten wie z.B. Migr\u00e4ne, Allergien und Reizdarm, als auch bei der Bew\u00e4ltigung von Herausforderungen des Lebens, aber auch bei \u00c4ngsten, Phobien, Depressionen und chronischen Schmerzen.\u00a0<\/p><p>\u00a0<\/p><p>Die Hypnosetechnik, die Sie f\u00fcr sich als die passende und richtige empfinden, kann ein Weg sein.<\/p><p>Mit mir als Heilpraktiker und Hypnosetherapeut an Ihrer Seite werden Sie den Prozess der Ver\u00e4nderung ansto\u00dfen.\u00a0<\/p><p>Die Resultate der Hypnose-Sitzung werden Effekte in Ihrem Alltag hervorrufen, die Sie \u00fcberraschen werden.\u00a0<\/p><p>\u00a0<\/p><p>Es macht mir Freude, Menschen auf diesem Weg zu begleiten.<\/p><p>\u00a0<\/p><p>Ich freue mich, Sie in meiner Praxis f\u00fcr <a href=\"https:\/\/praxis-proportional.de\/hypnose-frankfurt\/\">Hypnose in Frankfurt<\/a> begr\u00fc\u00dfen zu d\u00fcrfen.<\/p>\t\t\t\t\t\t\t\t<\/div>\n\t\t\t\t<\/div>\n\t\t\t\t\t<\/div>\n\t\t<\/div>\n\t\t\t\t\t<\/div>\n\t\t<\/section>\n\t\t\t\t<section class=\"elementor-section elementor-top-section elementor-element elementor-element-51134d7 elementor-section-boxed elementor-section-height-default elementor-section-height-default\" data-id=\"51134d7\" data-element_type=\"section\" data-e-type=\"section\">\n\t\t\t\t\t\t<div class=\"elementor-container elementor-column-gap-default\">\n\t\t\t\t\t<div class=\"elementor-column elementor-col-100 elementor-top-column elementor-element elementor-element-d6b7d8d\" data-id=\"d6b7d8d\" data-element_type=\"column\" data-e-type=\"column\">\n\t\t\t<div class=\"elementor-widget-wrap elementor-element-populated\">\n\t\t\t\t\t\t<div class=\"elementor-element elementor-element-2d6bc75 elementor-hidden-mobile elementor-widget-divider--view-line elementor-widget elementor-widget-global elementor-global-2185 elementor-widget-divider\" data-id=\"2d6bc75\" data-element_type=\"widget\" data-e-type=\"widget\" data-widget_type=\"divider.default\">\n\t\t\t\t<div class=\"elementor-widget-container\">\n\t\t\t\t\t\t\t<div class=\"elementor-divider\">\n\t\t\t<span class=\"elementor-divider-separator\">\n\t\t\t\t\t\t<\/span>\n\t\t<\/div>\n\t\t\t\t\t\t<\/div>\n\t\t\t\t<\/div>\n\t\t\t\t\t<\/div>\n\t\t<\/div>\n\t\t\t\t\t<\/div>\n\t\t<\/section>\n\t\t\t\t<section class=\"elementor-section elementor-top-section elementor-element elementor-element-6f932d8e elementor-section-boxed elementor-section-height-default elementor-section-height-default\" data-id=\"6f932d8e\" data-element_type=\"section\" data-e-type=\"section\">\n\t\t\t\t\t\t<div class=\"elementor-container elementor-column-gap-default\">\n\t\t\t\t\t<div class=\"elementor-column elementor-col-100 elementor-top-column elementor-element elementor-element-2a55ee02\" data-id=\"2a55ee02\" data-element_type=\"column\" data-e-type=\"column\">\n\t\t\t<div class=\"elementor-widget-wrap elementor-element-populated\">\n\t\t\t\t\t\t<div class=\"elementor-element elementor-element-7bcf9b70 elementor-widget elementor-widget-heading\" data-id=\"7bcf9b70\" data-element_type=\"widget\" data-e-type=\"widget\" data-widget_type=\"heading.default\">\n\t\t\t\t<div class=\"elementor-widget-container\">\n\t\t\t\t\t<h2 class=\"elementor-heading-title elementor-size-default\">\u2b50 Google-Bewertungen zur Hypnose Frankfurt<\/h2>\t\t\t\t<\/div>\n\t\t\t\t<\/div>\n\t\t\t\t<div class=\"elementor-element elementor-element-4db29699 elementor-widget elementor-widget-text-editor\" data-id=\"4db29699\" data-element_type=\"widget\" data-e-type=\"widget\" data-widget_type=\"text-editor.default\">\n\t\t\t\t<div class=\"elementor-widget-container\">\n\t\t\t\t\t\t\t\t\t<p style=\"text-align: center;\">Das sagen meine Klient:innen, die in meiner Praxis Hilfe gefunden haben.<\/p>\t\t\t\t\t\t\t\t<\/div>\n\t\t\t\t<\/div>\n\t\t\t\t\t<\/div>\n\t\t<\/div>\n\t\t\t\t\t<\/div>\n\t\t<\/section>\n\t\t\t\t<section class=\"elementor-section elementor-top-section elementor-element elementor-element-faaecb4 elementor-section-boxed elementor-section-height-default elementor-section-height-default\" data-id=\"faaecb4\" data-element_type=\"section\" data-e-type=\"section\">\n\t\t\t\t\t\t<div class=\"elementor-container elementor-column-gap-default\">\n\t\t\t\t\t<div class=\"elementor-column elementor-col-100 elementor-top-column elementor-element elementor-element-35b7d22e\" data-id=\"35b7d22e\" data-element_type=\"column\" data-e-type=\"column\">\n\t\t\t<div class=\"elementor-widget-wrap elementor-element-populated\">\n\t\t\t\t\t\t\t<\/div>\n\t\t<\/div>\n\t\t\t\t\t<\/div>\n\t\t<\/section>\n\t\t\t\t<section class=\"elementor-section elementor-top-section elementor-element elementor-element-3f22bdde elementor-section-boxed elementor-section-height-default elementor-section-height-default\" data-id=\"3f22bdde\" data-element_type=\"section\" data-e-type=\"section\">\n\t\t\t\t\t\t<div class=\"elementor-container elementor-column-gap-default\">\n\t\t\t\t\t<div class=\"elementor-column elementor-col-100 elementor-top-column elementor-element elementor-element-354273b0\" data-id=\"354273b0\" data-element_type=\"column\" data-e-type=\"column\">\n\t\t\t<div class=\"elementor-widget-wrap elementor-element-populated\">\n\t\t\t\t\t\t<div class=\"elementor-element elementor-element-121a2677 elementor-widget elementor-widget-text-editor\" data-id=\"121a2677\" data-element_type=\"widget\" data-e-type=\"widget\" data-widget_type=\"text-editor.default\">\n\t\t\t\t<div class=\"elementor-widget-container\">\n\t\t\t\t\t\t\t\t\t<p style=\"text-align: center;\">Die Bewertungen sind leicht gek\u00fcrzt.<\/p><p style=\"text-align: center;\">Alle Google Bewertungen ansehen :\u00a0<\/p><p style=\"text-align: center;\"><a href=\"https:\/\/www.google.com\/maps\/place\/Hypnotherapie+%26+Hypnose+Frankfurt+%7C+Praxis+Proportional\/@50.1288468,8.7051224,16z\/data=!4m10!1m2!2m1!1shypnose!3m6!1s0x47bd0f3e3139e879:0x2e571bef4c094ff4!8m2!3d50.1287336!4d8.7098017!15sCgdoeXBub3NlWgkiB2h5cG5vc2WSARRoeXBub3RoZXJhcHlfc2VydmljZZoBJENoZERTVWhOTUc5blMwVkpRMEZuU1VSUWMxQXlNSEJCUlJBQqoBPBABKgsiB2h5cG5vc2UoBTIeEAEiGqri-JLMPbsIbLRDLZI4Xv-dgstZ336ZxCiaMgsQAiIHaHlwbm9zZeABAPoBBAgAEEY!16s%2Fg%2F11v605pbpy\" target=\"_blank\" rel=\"noopener\">HIER KLICKEN<\/a><\/p>\t\t\t\t\t\t\t\t<\/div>\n\t\t\t\t<\/div>\n\t\t\t\t\t<\/div>\n\t\t<\/div>\n\t\t\t\t\t<\/div>\n\t\t<\/section>\n\t\t\t\t<section class=\"elementor-section elementor-top-section elementor-element elementor-element-329070c5 elementor-section-boxed elementor-section-height-default elementor-section-height-default\" data-id=\"329070c5\" data-element_type=\"section\" data-e-type=\"section\">\n\t\t\t\t\t\t<div class=\"elementor-container elementor-column-gap-default\">\n\t\t\t\t\t<div class=\"elementor-column elementor-col-100 elementor-top-column elementor-element elementor-element-42c58481\" data-id=\"42c58481\" data-element_type=\"column\" data-e-type=\"column\">\n\t\t\t<div class=\"elementor-widget-wrap elementor-element-populated\">\n\t\t\t\t\t\t<div class=\"elementor-element elementor-element-31eebe52 elementor-widget elementor-widget-html\" data-id=\"31eebe52\" data-element_type=\"widget\" data-e-type=\"widget\" data-widget_type=\"html.default\">\n\t\t\t\t<div class=\"elementor-widget-container\">\n\t\t\t\t\t<div class=\"visually-hidden\">\r\n  <p>Ich hatte jahrelang mit Angstzust\u00e4nden und Panikattacken zu k\u00e4mpfen und viele Therapien ausprobiert, leider ohne nachhaltigen Erfolg. Schlie\u00dflich entschied ich mich, Hypnotherapie bei Herrn Schrage auszuprobieren. Meine anf\u00e4ngliche Unsicherheit, ob meine Entscheidung richtig war, wich schnell: Nach drei Sitzungen haben sich meine Angstzust\u00e4nde deutlich reduziert, Panikattacken treten nur noch selten auf, und meine Lebensqualit\u00e4t hat sich seit einem halben Jahr sp\u00fcrbar verbessert.<\/p>\r\n  <p>Vielen Dank f\u00fcr die gro\u00dfartige Unterst\u00fctzung, und ich bin Herrn Schrage sehr dankbar. F\u00fcr mich war es ein echter Gl\u00fcckstreffer, und ich kann die Praxis uneingeschr\u00e4nkt empfehlen.<\/p>\r\n  <p>\u2013 Google-Nutzer \u201eFrankfurter B.\u201c<\/p>\r\n<\/div>\r\n<script type=\"application\/ld+json\">\r\n{\r\n  \"@context\": \"https:\/\/schema.org\",\r\n  \"@type\": \"Review\",\r\n  \"reviewBody\": \"Ich hatte jahrelang mit Angstzust\u00e4nden und Panikattacken zu k\u00e4mpfen [...]. F\u00fcr mich war es ein echter Gl\u00fcckstreffer, und ich kann die Praxis uneingeschr\u00e4nkt empfehlen.\",\r\n  \"author\": { \"@type\": \"Person\", \"name\": \"Frankfurter B.\" },\r\n  \"reviewRating\": { \"@type\": \"Rating\", \"ratingValue\": \"5\", \"bestRating\": \"5\" },\r\n  \"itemReviewed\": {\r\n    \"@type\": \"LocalBusiness\",\r\n    \"name\": \"Praxis Proportional\",\r\n    \"address\": { \"@type\": \"PostalAddress\", \"addressLocality\": \"Frankfurt\" }\r\n  }\r\n}\r\n<\/script>\r\n\t\t\t\t<\/div>\n\t\t\t\t<\/div>\n\t\t\t\t<div class=\"elementor-element elementor-element-5a83c18e elementor-widget elementor-widget-html\" data-id=\"5a83c18e\" data-element_type=\"widget\" data-e-type=\"widget\" data-widget_type=\"html.default\">\n\t\t\t\t<div class=\"elementor-widget-container\">\n\t\t\t\t\t<div class=\"visually-hidden\">\r\n  <p>Ich erhielt sehr kompetente, einf\u00fchlsame Hilfe von Herrn Schrage. Der pers\u00f6nliche Umgang und die einladende und gem\u00fctliche Atmosph\u00e4re der Praxis konnten mich \u00fcberzeugen. Vielmehr aber die erfolgreiche Therapie meiner Angstzust\u00e4nde. Drei Sitzungen reichten f\u00fcr mich pers\u00f6nlich aus, um diese bisher vollst\u00e4ndig loszuwerden.<\/p>\r\n  <p>Kann ich demnach weiterempfehlen! Besten Dank!<\/p>\r\n  <p>\u2013 Google-Nutzerin \u201eNina K.\u201c<\/p>\r\n<\/div>\r\n<script type=\"application\/ld+json\">\r\n{\r\n  \"@context\": \"https:\/\/schema.org\",\r\n  \"@type\": \"Review\",\r\n  \"reviewBody\": \"Ich erhielt sehr kompetente, einf\u00fchlsame Hilfe von Herrn Schrage. Drei Sitzungen reichten aus, um meine Angstzust\u00e4nde loszuwerden. Empfehlenswert!\",\r\n  \"author\": { \"@type\": \"Person\", \"name\": \"Nina K.\" },\r\n  \"reviewRating\": { \"@type\": \"Rating\", \"ratingValue\": \"5\", \"bestRating\": \"5\" },\r\n  \"itemReviewed\": {\r\n    \"@type\": \"LocalBusiness\",\r\n    \"name\": \"Praxis Proportional\",\r\n    \"address\": { \"@type\": \"PostalAddress\", \"addressLocality\": \"Frankfurt\" }\r\n  }\r\n}\r\n<\/script>\r\n\t\t\t\t<\/div>\n\t\t\t\t<\/div>\n\t\t\t\t<div class=\"elementor-element elementor-element-77b91297 elementor-widget elementor-widget-html\" data-id=\"77b91297\" data-element_type=\"widget\" data-e-type=\"widget\" data-widget_type=\"html.default\">\n\t\t\t\t<div class=\"elementor-widget-container\">\n\t\t\t\t\t<div class=\"visually-hidden\">\r\n  <p>Ich kann es absolut empfehlen. Der professionelle, einf\u00fchlsame und respektvolle Umgang macht die Erfahrung absolut angenehm, ruhig und vertrauensvoll.<\/p>\r\n  <p>Dank Herrn Schrage konnte ich die Auswirkungen von Stress neutralisieren, die meinen Schlaf und meine k\u00f6rperliche Verfassung beeintr\u00e4chtigt hatten.<\/p>\r\n  <p>\u2013 Google-Nutzerin \u201eNeus V.\u201c<\/p>\r\n<\/div>\r\n<script type=\"application\/ld+json\">\r\n{\r\n  \"@context\": \"https:\/\/schema.org\",\r\n  \"@type\": \"Review\",\r\n  \"reviewBody\": \"Dank Herrn Schrage konnte ich stressbedingte Schlafprobleme \u00fcberwinden. Die Atmosph\u00e4re war professionell und vertrauensvoll.\",\r\n  \"author\": { \"@type\": \"Person\", \"name\": \"Neus V.\" },\r\n  \"reviewRating\": { \"@type\": \"Rating\", \"ratingValue\": \"5\", \"bestRating\": \"5\" },\r\n  \"itemReviewed\": {\r\n    \"@type\": \"LocalBusiness\",\r\n    \"name\": \"Praxis Proportional\",\r\n    \"address\": { \"@type\": \"PostalAddress\", \"addressLocality\": \"Frankfurt\" }\r\n  }\r\n}\r\n<\/script>\r\n\t\t\t\t<\/div>\n\t\t\t\t<\/div>\n\t\t\t\t<div class=\"elementor-element elementor-element-305ecb3d elementor-widget elementor-widget-html\" data-id=\"305ecb3d\" data-element_type=\"widget\" data-e-type=\"widget\" data-widget_type=\"html.default\">\n\t\t\t\t<div class=\"elementor-widget-container\">\n\t\t\t\t\t<div class=\"visually-hidden\">\r\n  <p>Meine Erfahrung mit der Hypnosetherapie war rundum positiv. Zun\u00e4chst war ich zugegebenerma\u00dfen etwas skeptisch, jedoch schon beim telefonischen Erstgespr\u00e4ch mit Herrn Schrage hatte ich ein gutes Gef\u00fchl. Die ruhige, sachliche Art und die R\u00e4umlichkeiten sind angenehm.<\/p>\r\n  <p>Meine Panik vor Wespen war diesen Sommer unertr\u00e4glich geworden. Mit drei Hypnose-Sitzungen ist meine Wespenphobie verschwunden \u2013 das ist f\u00fcr mich immer noch unglaublich.<\/p>\r\n  <p>\u2013 Google-Nutzerin \u201eLisa L.\u201c<\/p>\r\n<\/div>\r\n<script type=\"application\/ld+json\">\r\n{\r\n  \"@context\": \"https:\/\/schema.org\",\r\n  \"@type\": \"Review\",\r\n  \"reviewBody\": \"Meine Panik vor Wespen war unertr\u00e4glich. Durch drei Hypnose-Sitzungen bei Herrn Schrage ist meine Wespenphobie verschwunden.\",\r\n  \"author\": { \"@type\": \"Person\", \"name\": \"Lisa L.\" },\r\n  \"reviewRating\": { \"@type\": \"Rating\", \"ratingValue\": \"5\", \"bestRating\": \"5\" },\r\n  \"itemReviewed\": {\r\n    \"@type\": \"LocalBusiness\",\r\n    \"name\": \"Praxis Proportional\",\r\n    \"address\": { \"@type\": \"PostalAddress\", \"addressLocality\": \"Frankfurt\" }\r\n  }\r\n}\r\n<\/script>\r\n\t\t\t\t<\/div>\n\t\t\t\t<\/div>\n\t\t\t\t<div class=\"elementor-element elementor-element-44649b elementor-widget elementor-widget-html\" data-id=\"44649b\" data-element_type=\"widget\" data-e-type=\"widget\" data-widget_type=\"html.default\">\n\t\t\t\t<div class=\"elementor-widget-container\">\n\t\t\t\t\t<div class=\"visually-hidden\">\r\n  <p>Seit vielen Jahren k\u00e4mpfte ich mit Antriebslosigkeit und Depressionen. Keine der zahlreichen Therapien konnte bisher eine nachhaltige Verbesserung bewirken \u2013 bis ich die Hypnose bei Herrn Schrage ausprobierte. Anfangs war ich skeptisch, doch schon nach wenigen Sitzungen stellte sich eine deutliche Ver\u00e4nderung ein.<\/p>\r\n  <p>Zum ersten Mal seit Jahren kann ich wieder Freude empfinden und das Leben aus einer neuen Perspektive betrachten. Diese Behandlung hat mir die Ver\u00e4nderung gebracht, nach der ich so lange gesucht habe.<\/p>\r\n  <p>\u2013 Google-Nutzer \u201eAchim K.\u201c<\/p>\r\n<\/div>\r\n<script type=\"application\/ld+json\">\r\n{\r\n  \"@context\": \"https:\/\/schema.org\",\r\n  \"@type\": \"Review\",\r\n  \"reviewBody\": \"Seit vielen Jahren k\u00e4mpfte ich mit Antriebslosigkeit und Depressionen. Durch Hypnose bei Herrn Schrage kam eine deutliche Verbesserung. Ich bin unendlich dankbar.\",\r\n  \"author\": { \"@type\": \"Person\", \"name\": \"Achim K.\" },\r\n  \"reviewRating\": { \"@type\": \"Rating\", \"ratingValue\": \"5\", \"bestRating\": \"5\" },\r\n  \"itemReviewed\": {\r\n    \"@type\": \"LocalBusiness\",\r\n    \"name\": \"Praxis Proportional\",\r\n    \"address\": { \"@type\": \"PostalAddress\", \"addressLocality\": \"Frankfurt\" }\r\n  }\r\n}\r\n<\/script>\r\n\t\t\t\t<\/div>\n\t\t\t\t<\/div>\n\t\t\t\t\t<\/div>\n\t\t<\/div>\n\t\t\t\t\t<\/div>\n\t\t<\/section>\n\t\t\t\t<\/div>\n\t\t","protected":false},"excerpt":{"rendered":"<p>\u00dcber mich Mein pers\u00f6nliches Lieblingszitat: \u201cHypnose hilft auch dann, wenn alles Andere versagt.\u201d James Braid (1795-1860, schottischer Chirurg und Hypnoseforscher) Ausbildungen \/ Werdegang \/ Qualifikationen Christoph Schrage Heilpraktiker (allgemeine Heilpraktiker Erlaubnis vom Gesundheitsamt Frankfurt) Hypnosetherapeut Stress-Management-Trainer Psychologischer Berater \/ Coach Dorn-Therapeut Mein Menschenbild Jeder Mensch verf\u00fcgt \u00fcber individuelle Potenziale und besitzt die F\u00e4higkeit, positive Ver\u00e4nderungen [&hellip;]<\/p>\n","protected":false},"author":1,"featured_media":0,"parent":0,"menu_order":0,"comment_status":"closed","ping_status":"closed","template":"","meta":{"footnotes":""},"class_list":["post-401","page","type-page","status-publish","hentry"],"_links":{"self":[{"href":"https:\/\/praxis-proportional.de\/wp-json\/wp\/v2\/pages\/401","targetHints":{"allow":["GET"]}}],"collection":[{"href":"https:\/\/praxis-proportional.de\/wp-json\/wp\/v2\/pages"}],"about":[{"href":"https:\/\/praxis-proportional.de\/wp-json\/wp\/v2\/types\/page"}],"author":[{"embeddable":true,"href":"https:\/\/praxis-proportional.de\/wp-json\/wp\/v2\/users\/1"}],"replies":[{"embeddable":true,"href":"https:\/\/praxis-proportional.de\/wp-json\/wp\/v2\/comments?post=401"}],"version-history":[{"count":168,"href":"https:\/\/praxis-proportional.de\/wp-json\/wp\/v2\/pages\/401\/revisions"}],"predecessor-version":[{"id":8520,"href":"https:\/\/praxis-proportional.de\/wp-json\/wp\/v2\/pages\/401\/revisions\/8520"}],"wp:attachment":[{"href":"https:\/\/praxis-proportional.de\/wp-json\/wp\/v2\/media?parent=401"}],"curies":[{"name":"wp","href":"https:\/\/api.w.org\/{rel}","templated":true}]}}