{"id":8223,"date":"2025-11-13T14:29:12","date_gmt":"2025-11-13T13:29:12","guid":{"rendered":"https:\/\/praxis-proportional.de\/?page_id=8223"},"modified":"2026-03-30T11:08:57","modified_gmt":"2026-03-30T09:08:57","slug":"thalassophobie","status":"publish","type":"page","link":"https:\/\/praxis-proportional.de\/hypnose-frankfurt\/thalassophobie\/","title":{"rendered":"Thalassophobie &#8211; Angst vor Gew\u00e4ssern"},"content":{"rendered":"\t\t<div data-elementor-type=\"wp-page\" data-elementor-id=\"8223\" class=\"elementor elementor-8223\" data-elementor-post-type=\"page\">\n\t\t\t\t\t\t<section class=\"elementor-section elementor-top-section elementor-element elementor-element-ddabd39 elementor-section-boxed elementor-section-height-default elementor-section-height-default\" data-id=\"ddabd39\" data-element_type=\"section\" data-e-type=\"section\">\n\t\t\t\t\t\t<div class=\"elementor-container elementor-column-gap-default\">\n\t\t\t\t\t<div class=\"elementor-column elementor-col-100 elementor-top-column elementor-element elementor-element-7c3aa80\" data-id=\"7c3aa80\" data-element_type=\"column\" data-e-type=\"column\">\n\t\t\t<div class=\"elementor-widget-wrap elementor-element-populated\">\n\t\t\t\t\t\t<div class=\"elementor-element elementor-element-528f282 elementor-widget elementor-widget-heading\" data-id=\"528f282\" data-element_type=\"widget\" data-e-type=\"widget\" data-widget_type=\"heading.default\">\n\t\t\t\t<div class=\"elementor-widget-container\">\n\t\t\t\t\t<h1 class=\"elementor-heading-title elementor-size-default\">Thalassophobie \u00fcberwinden mit Hypnose in Frankfurt<\/h1>\t\t\t\t<\/div>\n\t\t\t\t<\/div>\n\t\t\t\t\t<\/div>\n\t\t<\/div>\n\t\t\t\t\t<\/div>\n\t\t<\/section>\n\t\t\t\t<section class=\"elementor-section elementor-top-section elementor-element elementor-element-aaee122 elementor-section-boxed elementor-section-height-default elementor-section-height-default\" data-id=\"aaee122\" data-element_type=\"section\" data-e-type=\"section\">\n\t\t\t\t\t\t<div class=\"elementor-container elementor-column-gap-default\">\n\t\t\t\t\t<div class=\"elementor-column elementor-col-100 elementor-top-column elementor-element elementor-element-7065389\" data-id=\"7065389\" data-element_type=\"column\" data-e-type=\"column\">\n\t\t\t<div class=\"elementor-widget-wrap elementor-element-populated\">\n\t\t\t\t\t\t<div class=\"elementor-element elementor-element-61f6a0b elementor-align-center elementor-widget elementor-widget-global elementor-global-8274 elementor-widget-button\" data-id=\"61f6a0b\" data-element_type=\"widget\" data-e-type=\"widget\" data-widget_type=\"button.default\">\n\t\t\t\t<div class=\"elementor-widget-container\">\n\t\t\t\t\t\t\t\t\t<div class=\"elementor-button-wrapper\">\n\t\t\t\t\t<a class=\"elementor-button elementor-button-link elementor-size-sm\" href=\"https:\/\/bookme.name\/praxisproportional\/kostenloser-beratungstermin\" id=\"Hauptseite_Text\" target=\"_blank\" rel=\"noopener\">\n\t\t\t\t\t\t<span class=\"elementor-button-content-wrapper\">\n\t\t\t\t\t\t\t\t\t<span class=\"elementor-button-text\">Passt Hypnose zu meinem Anliegen? \u2192 <\/span>\n\t\t\t\t\t<\/span>\n\t\t\t\t\t<\/a>\n\t\t\t\t<\/div>\n\t\t\t\t\t\t\t\t<\/div>\n\t\t\t\t<\/div>\n\t\t\t\t\t<\/div>\n\t\t<\/div>\n\t\t\t\t\t<\/div>\n\t\t<\/section>\n\t\t\t\t<section class=\"elementor-section elementor-top-section elementor-element elementor-element-29210ad elementor-section-boxed elementor-section-height-default elementor-section-height-default\" data-id=\"29210ad\" data-element_type=\"section\" data-e-type=\"section\">\n\t\t\t\t\t\t<div class=\"elementor-container elementor-column-gap-default\">\n\t\t\t\t\t<div class=\"elementor-column elementor-col-100 elementor-top-column elementor-element elementor-element-addeb4c\" data-id=\"addeb4c\" data-element_type=\"column\" data-e-type=\"column\">\n\t\t\t<div class=\"elementor-widget-wrap elementor-element-populated\">\n\t\t\t\t\t\t<div class=\"elementor-element elementor-element-b9a1442 elementor-align-center elementor-widget elementor-widget-global elementor-global-8658 elementor-widget-button\" data-id=\"b9a1442\" data-element_type=\"widget\" data-e-type=\"widget\" data-widget_type=\"button.default\">\n\t\t\t\t<div class=\"elementor-widget-container\">\n\t\t\t\t\t\t\t\t\t<div class=\"elementor-button-wrapper\">\n\t\t\t\t\t<a class=\"elementor-button elementor-button-link elementor-size-sm\" href=\"tel:+496975934782\">\n\t\t\t\t\t\t<span class=\"elementor-button-content-wrapper\">\n\t\t\t\t\t\t<span class=\"elementor-button-icon\">\n\t\t\t\t<i aria-hidden=\"true\" class=\"fas fa-phone-volume\"><\/i>\t\t\t<\/span>\n\t\t\t\t\t\t\t\t\t<span class=\"elementor-button-text\">Jetzt unverbindlich anrufen<\/span>\n\t\t\t\t\t<\/span>\n\t\t\t\t\t<\/a>\n\t\t\t\t<\/div>\n\t\t\t\t\t\t\t\t<\/div>\n\t\t\t\t<\/div>\n\t\t\t\t\t<\/div>\n\t\t<\/div>\n\t\t\t\t\t<\/div>\n\t\t<\/section>\n\t\t\t\t<section class=\"elementor-section elementor-top-section elementor-element elementor-element-e6cafa1 elementor-section-boxed elementor-section-height-default elementor-section-height-default\" data-id=\"e6cafa1\" data-element_type=\"section\" data-e-type=\"section\">\n\t\t\t\t\t\t<div class=\"elementor-container elementor-column-gap-default\">\n\t\t\t\t\t<div class=\"elementor-column elementor-col-100 elementor-top-column elementor-element elementor-element-7028679\" data-id=\"7028679\" data-element_type=\"column\" data-e-type=\"column\">\n\t\t\t<div class=\"elementor-widget-wrap elementor-element-populated\">\n\t\t\t\t\t\t<div class=\"elementor-element elementor-element-70ed645 elementor-widget elementor-widget-text-editor\" data-id=\"70ed645\" data-element_type=\"widget\" data-e-type=\"widget\" data-widget_type=\"text-editor.default\">\n\t\t\t\t<div class=\"elementor-widget-container\">\n\t\t\t\t\t\t\t\t\t<h2><strong>Was ist Thalassophobie?<\/strong><\/h2><p><strong>Thalassophobie<\/strong> bezeichnet die irrationale und intensive Angst vor tiefen, offenen Gew\u00e4ssern wie dem Meer, Ozeanen oder gro\u00dfen Seen. Anders als eine allgemeine Angst vor Wasser konzentriert sich die <strong>Thalassophobie<\/strong> auf die Vorstellung dessen, was sich in der unendlichen, dunklen Tiefe verbergen k\u00f6nnte. Betroffene empfinden oft starkes Unbehagen oder sogar Panik. Diese Phobie kann dazu f\u00fchren, dass Aktivit\u00e4ten wie Bootsfahrten oder Schwimmen im Meer vermieden werden. Wie bei vielen spezifischen Phobien liegt die Ursache oft in einer unbewussten Verkn\u00fcpfung aus einem fr\u00fcheren Erlebnis, die eine \u00fcbersteigerte Angstreaktion ausl\u00f6st und im Unterbewusstsein verankert ist.<\/p><h2><strong>Die Rolle der ursachenaufl\u00f6senden Hypnose bei Phobien<\/strong><\/h2><p>Die <a href=\"https:\/\/praxis-proportional.de\/hypnose-frankfurt\/\">Hypnosetherapie<\/a> hat sich als \u00e4u\u00dferst wirksame Methode zur Behandlung von Phobien wie der <strong>Thalassophobie<\/strong> erwiesen, weil sie direkt an der Wurzel des Problems ansetzt. Im entspannten Zustand der Hypnose wird ein sicherer mentaler Raum geschaffen, in dem die urspr\u00fcngliche, angstausl\u00f6sende Situation aufgesp\u00fcrt und neu bewertet werden kann. Anstatt die Angst nur mit positiven Gef\u00fchlen zu \u00fcberlagern, geht es darum, die urspr\u00fcngliche emotionale Ladung der ausl\u00f6senden Erfahrung zu neutralisieren. Durch die Aufl\u00f6sung dieser Ursache lernt das Unterbewusstsein, die alten, automatischen Angstreaktionen loszulassen. Die Reaktion auf tiefes Wasser normalisiert sich auf eine nat\u00fcrliche Weise.<\/p><h2><strong>Freiheit von der Angst vor der Tiefe<\/strong><\/h2><p>Sich von der Fessel der <strong>Thalassophobie<\/strong> zu befreien, bedeutet, ein St\u00fcck Freiheit und Lebensqualit\u00e4t zur\u00fcckzugewinnen. Stellen Sie sich vor, einen Urlaub am Meer wieder unbeschwert genie\u00dfen zu k\u00f6nnen. Die ursachenaufl\u00f6sende Hypnose bietet einen direkten und sanften Weg, um die unbewussten Wurzeln Ihrer Angst zu erreichen und aufzul\u00f6sen. Wenn Sie bereit sind, sich Ihrer Angst zu stellen, indem Sie deren Ursache beseitigen, begleite ich Sie gerne. In einem kostenlosen 15-min\u00fctigen Informationsgespr\u00e4ch k\u00f6nnen wir kl\u00e4ren, wie die Hypnosetherapie Ihnen konkret bei der Bew\u00e4ltigung Ihrer <strong>Thalassophobie<\/strong> helfen kann.<\/p>\t\t\t\t\t\t\t\t<\/div>\n\t\t\t\t<\/div>\n\t\t\t\t\t<\/div>\n\t\t<\/div>\n\t\t\t\t\t<\/div>\n\t\t<\/section>\n\t\t\t\t<section class=\"elementor-section elementor-top-section elementor-element elementor-element-f052e4f elementor-section-boxed elementor-section-height-default elementor-section-height-default\" data-id=\"f052e4f\" data-element_type=\"section\" data-e-type=\"section\">\n\t\t\t\t\t\t<div class=\"elementor-container elementor-column-gap-default\">\n\t\t\t\t\t<div class=\"elementor-column elementor-col-100 elementor-top-column elementor-element elementor-element-c006fde\" data-id=\"c006fde\" data-element_type=\"column\" data-e-type=\"column\">\n\t\t\t<div class=\"elementor-widget-wrap elementor-element-populated\">\n\t\t\t\t\t\t<div class=\"elementor-element elementor-element-7bd4f49 elementor-hidden-mobile elementor-widget-divider--view-line elementor-widget elementor-widget-global elementor-global-2185 elementor-widget-divider\" data-id=\"7bd4f49\" data-element_type=\"widget\" data-e-type=\"widget\" data-widget_type=\"divider.default\">\n\t\t\t\t<div class=\"elementor-widget-container\">\n\t\t\t\t\t\t\t<div class=\"elementor-divider\">\n\t\t\t<span class=\"elementor-divider-separator\">\n\t\t\t\t\t\t<\/span>\n\t\t<\/div>\n\t\t\t\t\t\t<\/div>\n\t\t\t\t<\/div>\n\t\t\t\t\t<\/div>\n\t\t<\/div>\n\t\t\t\t\t<\/div>\n\t\t<\/section>\n\t\t\t\t<section class=\"elementor-section elementor-top-section elementor-element elementor-element-760d1ea elementor-section-boxed elementor-section-height-default elementor-section-height-default\" data-id=\"760d1ea\" data-element_type=\"section\" data-e-type=\"section\">\n\t\t\t\t\t\t<div class=\"elementor-container elementor-column-gap-default\">\n\t\t\t\t\t<div class=\"elementor-column elementor-col-100 elementor-top-column elementor-element elementor-element-6e265d1\" data-id=\"6e265d1\" data-element_type=\"column\" data-e-type=\"column\">\n\t\t\t<div class=\"elementor-widget-wrap elementor-element-populated\">\n\t\t\t\t\t\t<div class=\"elementor-element elementor-element-2f5bda6 elementor-widget elementor-widget-text-editor\" data-id=\"2f5bda6\" data-element_type=\"widget\" data-e-type=\"widget\" data-widget_type=\"text-editor.default\">\n\t\t\t\t<div class=\"elementor-widget-container\">\n\t\t\t\t\t\t\t\t\t<p>Zu den h\u00e4ufig gestellten Fragen FAQ :\u00a0<\/p>\t\t\t\t\t\t\t\t<\/div>\n\t\t\t\t<\/div>\n\t\t\t\t<div class=\"elementor-element elementor-element-d2b5eb2 elementor-align-center elementor-widget elementor-widget-button\" data-id=\"d2b5eb2\" data-element_type=\"widget\" data-e-type=\"widget\" data-widget_type=\"button.default\">\n\t\t\t\t<div class=\"elementor-widget-container\">\n\t\t\t\t\t\t\t\t\t<div class=\"elementor-button-wrapper\">\n\t\t\t\t\t<a class=\"elementor-button elementor-button-link elementor-size-sm\" href=\"https:\/\/praxis-proportional.de\/hypnose-frankfurt\/#FAQ\">\n\t\t\t\t\t\t<span class=\"elementor-button-content-wrapper\">\n\t\t\t\t\t\t<span class=\"elementor-button-icon\">\n\t\t\t\t<i aria-hidden=\"true\" class=\"fas fa-arrow-circle-right\"><\/i>\t\t\t<\/span>\n\t\t\t\t\t\t\t\t\t<span class=\"elementor-button-text\">FAQ<\/span>\n\t\t\t\t\t<\/span>\n\t\t\t\t\t<\/a>\n\t\t\t\t<\/div>\n\t\t\t\t\t\t\t\t<\/div>\n\t\t\t\t<\/div>\n\t\t\t\t\t<\/div>\n\t\t<\/div>\n\t\t\t\t\t<\/div>\n\t\t<\/section>\n\t\t\t\t<section class=\"elementor-section elementor-top-section elementor-element elementor-element-7b84fb2 elementor-section-boxed elementor-section-height-default elementor-section-height-default\" data-id=\"7b84fb2\" data-element_type=\"section\" data-e-type=\"section\">\n\t\t\t\t\t\t<div class=\"elementor-container elementor-column-gap-default\">\n\t\t\t\t\t<div class=\"elementor-column elementor-col-100 elementor-top-column elementor-element elementor-element-77855b8\" data-id=\"77855b8\" data-element_type=\"column\" data-e-type=\"column\">\n\t\t\t<div class=\"elementor-widget-wrap elementor-element-populated\">\n\t\t\t\t\t\t<div class=\"elementor-element elementor-element-bbf3f76 elementor-hidden-mobile elementor-widget-divider--view-line elementor-widget elementor-widget-global elementor-global-2185 elementor-widget-divider\" data-id=\"bbf3f76\" data-element_type=\"widget\" data-e-type=\"widget\" data-widget_type=\"divider.default\">\n\t\t\t\t<div class=\"elementor-widget-container\">\n\t\t\t\t\t\t\t<div class=\"elementor-divider\">\n\t\t\t<span class=\"elementor-divider-separator\">\n\t\t\t\t\t\t<\/span>\n\t\t<\/div>\n\t\t\t\t\t\t<\/div>\n\t\t\t\t<\/div>\n\t\t\t\t\t<\/div>\n\t\t<\/div>\n\t\t\t\t\t<\/div>\n\t\t<\/section>\n\t\t\t\t<section class=\"elementor-section elementor-top-section elementor-element elementor-element-be1faad elementor-section-boxed elementor-section-height-default elementor-section-height-default\" data-id=\"be1faad\" data-element_type=\"section\" data-e-type=\"section\">\n\t\t\t\t\t\t<div class=\"elementor-container elementor-column-gap-default\">\n\t\t\t\t\t<div class=\"elementor-column elementor-col-33 elementor-top-column elementor-element elementor-element-38549a5\" data-id=\"38549a5\" data-element_type=\"column\" data-e-type=\"column\">\n\t\t\t<div class=\"elementor-widget-wrap elementor-element-populated\">\n\t\t\t\t\t\t<div class=\"elementor-element elementor-element-77c847e elementor-widget elementor-widget-image\" data-id=\"77c847e\" data-element_type=\"widget\" data-e-type=\"widget\" data-widget_type=\"image.default\">\n\t\t\t\t<div class=\"elementor-widget-container\">\n\t\t\t\t\t\t\t\t\t\t\t\t\t\t\t<img decoding=\"async\" width=\"150\" height=\"150\" src=\"https:\/\/praxis-proportional.de\/wp-content\/uploads\/2024\/11\/Christoph-Schrage300x300-1-150x150.jpg\" class=\"attachment-thumbnail size-thumbnail wp-image-6625\" alt=\"Bild von Hypnose &amp; Hypnosetherapie Christoph Schrage\" \/>\t\t\t\t\t\t\t\t\t\t\t\t\t\t\t<\/div>\n\t\t\t\t<\/div>\n\t\t\t\t<div class=\"elementor-element elementor-element-63e8f45 elementor-widget elementor-widget-text-editor\" data-id=\"63e8f45\" data-element_type=\"widget\" data-e-type=\"widget\" data-widget_type=\"text-editor.default\">\n\t\t\t\t<div class=\"elementor-widget-container\">\n\t\t\t\t\t\t\t\t\t<p>Christoph Schrage<\/p>\n<p>&#8211; Heilpraktiker &amp; Hypnosetherapeut<\/p>\t\t\t\t\t\t\t\t<\/div>\n\t\t\t\t<\/div>\n\t\t\t\t\t<\/div>\n\t\t<\/div>\n\t\t\t\t<div class=\"elementor-column elementor-col-33 elementor-top-column elementor-element elementor-element-def0b19\" data-id=\"def0b19\" data-element_type=\"column\" data-e-type=\"column\">\n\t\t\t<div class=\"elementor-widget-wrap elementor-element-populated\">\n\t\t\t\t\t\t<div class=\"elementor-element elementor-element-cb4456e elementor-widget elementor-widget-heading\" data-id=\"cb4456e\" data-element_type=\"widget\" data-e-type=\"widget\" data-widget_type=\"heading.default\">\n\t\t\t\t<div class=\"elementor-widget-container\">\n\t\t\t\t\t<h2 class=\"elementor-heading-title elementor-size-default\">Praxis f\u00fcr Hypnose in Frankfurt gegen Thalassophobie: Praxis Proportional<\/h2>\t\t\t\t<\/div>\n\t\t\t\t<\/div>\n\t\t\t\t<div class=\"elementor-element elementor-element-5a1ec69 elementor-widget elementor-widget-text-editor\" data-id=\"5a1ec69\" data-element_type=\"widget\" data-e-type=\"widget\" data-widget_type=\"text-editor.default\">\n\t\t\t\t<div class=\"elementor-widget-container\">\n\t\t\t\t\t\t\t\t\t<p>In der Praxis Proportional im Herzen von Frankfurt werden Ihnen verschiedene Hypnosetherapien zu unterschiedlichen Indikationen angeboten. Die Behandlungsmethoden sind individuell abgestimmt, gehen von einer ganzheitlichen Betrachtung aus und sind ergebnisorientiert.<\/p><p>\u00a0<\/p><p>Vereinbaren Sie ein kostenloses telefonisches Erstgespr\u00e4ch, in dem wir uns kennenlernen, alle Ihre Fragen kl\u00e4ren, gemeinsam diskutieren, wie ich Ihnen helfen kann und das weitere Vorgehen festlegen k\u00f6nnen.<\/p>\t\t\t\t\t\t\t\t<\/div>\n\t\t\t\t<\/div>\n\t\t\t\t<div class=\"elementor-element elementor-element-d61a148 elementor-align-center elementor-widget elementor-widget-button\" data-id=\"d61a148\" data-element_type=\"widget\" data-e-type=\"widget\" data-widget_type=\"button.default\">\n\t\t\t\t<div class=\"elementor-widget-container\">\n\t\t\t\t\t\t\t\t\t<div class=\"elementor-button-wrapper\">\n\t\t\t\t\t<a class=\"elementor-button elementor-button-link elementor-size-md\" href=\"https:\/\/bookme.name\/praxisproportional\/kostenloser-beratungstermin\" target=\"_blank\" rel=\"noopener\">\n\t\t\t\t\t\t<span class=\"elementor-button-content-wrapper\">\n\t\t\t\t\t\t\t\t\t<span class=\"elementor-button-text\">Buchen Sie Ihr kostenfreies Erstgespr\u00e4ch<\/span>\n\t\t\t\t\t<\/span>\n\t\t\t\t\t<\/a>\n\t\t\t\t<\/div>\n\t\t\t\t\t\t\t\t<\/div>\n\t\t\t\t<\/div>\n\t\t\t\t\t<\/div>\n\t\t<\/div>\n\t\t\t\t<div class=\"elementor-column elementor-col-33 elementor-top-column elementor-element elementor-element-b0fdf87\" data-id=\"b0fdf87\" data-element_type=\"column\" data-e-type=\"column\">\n\t\t\t<div class=\"elementor-widget-wrap elementor-element-populated\">\n\t\t\t\t\t\t<div class=\"elementor-element elementor-element-2de2ea9 elementor-widget elementor-widget-image\" data-id=\"2de2ea9\" data-element_type=\"widget\" data-e-type=\"widget\" data-widget_type=\"image.default\">\n\t\t\t\t<div class=\"elementor-widget-container\">\n\t\t\t\t\t\t\t\t\t\t\t\t\t\t\t<img decoding=\"async\" width=\"300\" height=\"124\" src=\"https:\/\/praxis-proportional.de\/wp-content\/uploads\/2023\/06\/Logo_hell-300x124.png\" class=\"attachment-medium size-medium wp-image-3346\" alt=\"Logo von Praxis Proportional\" srcset=\"https:\/\/praxis-proportional.de\/wp-content\/uploads\/2023\/06\/Logo_hell-300x124.png 300w, https:\/\/praxis-proportional.de\/wp-content\/uploads\/2023\/06\/Logo_hell-1024x424.png 1024w, https:\/\/praxis-proportional.de\/wp-content\/uploads\/2023\/06\/Logo_hell-768x318.png 768w, https:\/\/praxis-proportional.de\/wp-content\/uploads\/2023\/06\/Logo_hell-1536x636.png 1536w, https:\/\/praxis-proportional.de\/wp-content\/uploads\/2023\/06\/Logo_hell-2048x848.png 2048w, https:\/\/praxis-proportional.de\/wp-content\/uploads\/2023\/06\/elementor\/thumbs\/Logo_hell-q9livkpt218mc65ulepjbp70y9v73t4p96npwcswao.png 77w\" sizes=\"(max-width: 300px) 100vw, 300px\" \/>\t\t\t\t\t\t\t\t\t\t\t\t\t\t\t<\/div>\n\t\t\t\t<\/div>\n\t\t\t\t\t<\/div>\n\t\t<\/div>\n\t\t\t\t\t<\/div>\n\t\t<\/section>\n\t\t\t\t<section class=\"elementor-section elementor-top-section elementor-element elementor-element-fd472de elementor-section-boxed elementor-section-height-default elementor-section-height-default\" data-id=\"fd472de\" data-element_type=\"section\" data-e-type=\"section\">\n\t\t\t\t\t\t<div class=\"elementor-container elementor-column-gap-default\">\n\t\t\t\t\t<div class=\"elementor-column elementor-col-100 elementor-top-column elementor-element elementor-element-35193cb\" data-id=\"35193cb\" data-element_type=\"column\" data-e-type=\"column\">\n\t\t\t<div class=\"elementor-widget-wrap elementor-element-populated\">\n\t\t\t\t\t\t<div class=\"elementor-element elementor-element-b5841cf elementor-hidden-mobile elementor-widget-divider--view-line elementor-widget elementor-widget-global elementor-global-2185 elementor-widget-divider\" data-id=\"b5841cf\" data-element_type=\"widget\" data-e-type=\"widget\" data-widget_type=\"divider.default\">\n\t\t\t\t<div class=\"elementor-widget-container\">\n\t\t\t\t\t\t\t<div class=\"elementor-divider\">\n\t\t\t<span class=\"elementor-divider-separator\">\n\t\t\t\t\t\t<\/span>\n\t\t<\/div>\n\t\t\t\t\t\t<\/div>\n\t\t\t\t<\/div>\n\t\t\t\t\t<\/div>\n\t\t<\/div>\n\t\t\t\t\t<\/div>\n\t\t<\/section>\n\t\t\t\t<\/div>\n\t\t","protected":false},"excerpt":{"rendered":"<p>Thalassophobie \u00fcberwinden mit Hypnose in Frankfurt Passt Hypnose zu meinem Anliegen? \u2192 Jetzt unverbindlich anrufen Was ist Thalassophobie? Thalassophobie bezeichnet die irrationale und intensive Angst vor tiefen, offenen Gew\u00e4ssern wie dem Meer, Ozeanen oder gro\u00dfen Seen. Anders als eine allgemeine Angst vor Wasser konzentriert sich die Thalassophobie auf die Vorstellung dessen, was sich in der [&hellip;]<\/p>\n","protected":false},"author":1,"featured_media":0,"parent":6075,"menu_order":0,"comment_status":"closed","ping_status":"closed","template":"","meta":{"footnotes":""},"class_list":["post-8223","page","type-page","status-publish","hentry"],"_links":{"self":[{"href":"https:\/\/praxis-proportional.de\/wp-json\/wp\/v2\/pages\/8223","targetHints":{"allow":["GET"]}}],"collection":[{"href":"https:\/\/praxis-proportional.de\/wp-json\/wp\/v2\/pages"}],"about":[{"href":"https:\/\/praxis-proportional.de\/wp-json\/wp\/v2\/types\/page"}],"author":[{"embeddable":true,"href":"https:\/\/praxis-proportional.de\/wp-json\/wp\/v2\/users\/1"}],"replies":[{"embeddable":true,"href":"https:\/\/praxis-proportional.de\/wp-json\/wp\/v2\/comments?post=8223"}],"version-history":[{"count":17,"href":"https:\/\/praxis-proportional.de\/wp-json\/wp\/v2\/pages\/8223\/revisions"}],"predecessor-version":[{"id":8765,"href":"https:\/\/praxis-proportional.de\/wp-json\/wp\/v2\/pages\/8223\/revisions\/8765"}],"up":[{"embeddable":true,"href":"https:\/\/praxis-proportional.de\/wp-json\/wp\/v2\/pages\/6075"}],"wp:attachment":[{"href":"https:\/\/praxis-proportional.de\/wp-json\/wp\/v2\/media?parent=8223"}],"curies":[{"name":"wp","href":"https:\/\/api.w.org\/{rel}","templated":true}]}}